Suppose 0 = 2*o + 4*n + 6, 0 = -2*n + 6*n + 8. Calculate the remainder when o is divided by a.
0
Suppose -y + 5*v = -7, -3*v - 15 = -5*y + 2*v. What is the remainder when 53 is divided by y + (-3 + -1)*-4?
17
Suppose 99 = b + 39. What is the remainder when 89 is divided by 5*92/b*3?
20
Suppose c + 2*c + 5*h - 38 = 0, 4 = -2*c + 4*h. Suppose 2*x = -3*w + 33, 2*w = 3*x - 0*x - 43. Calculate the remainder when x is divided by c.
3
Let b be 1/(-2) - (-54)/12. Suppose c - b = -0*c, -5*c + 100 = 4*z. Calculate the remainder when z is divided by 0 + (-2)/(-2) + 6.
6
Let p = -9 + 10. Calculate the remainder when 3 is divided by p.
0
Let h = -19 + 41. What is the remainder when h is divided by 8?
6
Calculate the remainder when ((-12)/9)/4*-93 is divided by 11/(-1*(-1)/1).
9
Suppose -2*m = -3*m + 15. Suppose -2*c = -c - m. Calculate the remainder when c is divided by 9.
6
Calculate the remainder when (-23 - 2)*(-10)/5 is divided by 13.
11
Let u(w) = 4*w. Let q be u(1). Suppose q*x - 1 = 15. Suppose -x*m + 98 + 134 = 0. Calculate the remainder when m is divided by 20.
18
Let r = -66 + 148. What is the remainder when r is divided by 12?
10
Suppose 12 = -0*i + 3*i. Suppose i*a = 35 + 21. Calculate the remainder when a is divided by 2 + (0 - 2) + 8.
6
Let b be 5/(-1)*(-3)/(-1). Let v = 30 + b. What is the remainder when 29 is divided by v?
14
Let d be 28/(-3)*(-12)/8. Let y = 25 - d. Let b(o) = o**2 - 3*o + 2. Calculate the remainder when b(-3) is divided by y.
9
Let y = 19 + -2. Let u(x) = 13*x**3 - 3*x**2 - 2*x + 2. Let f be u(-2). Let a = -43 - f. What is the remainder when a is divided by y?
16
Let d(f) = f + 34. Let z(j) = -2*j**2 - 5*j - 2*j**2 + 5*j**2. Let h be z(5). What is the remainder when d(h) is divided by 12?
10
Suppose -2*x = -x - 75. Suppose 0 = 4*f - w - 57, -8*f + 3*f + 2*w = -x. Calculate the remainder when (19/2)/(1/4) is divided by f.
12
Suppose 5*p - 11 = 4*p. Suppose -3*c = x - 477, -x - 815 = -5*c + 4*x. Suppose -6*d = -d - c. What is the remainder when d is divided by p?
10
What is the remainder when 27 is divided by (3/4)/(29/232)?
3
Suppose -16 = -3*t - t. Let u(a) = 4*a - 3. What is the remainder when 24 is divided by u(t)?
11
Let p be (-3 - -2 - 0)*-4. Calculate the remainder when 30 is divided by (-2)/p - 17/(-2).
6
Let y(o) = -o**2 + 3*o - 3. Let v be y(2). Let a be 51/1 - (v + 0). Suppose s = -r + a, -2*r + 5*s - s = -128. Calculate the remainder when r is divided by 19.
18
Let l(c) = 7*c - 5. Let s(i) = -8*i + 6. Let m(k) = -6*l(k) - 5*s(k). What is the remainder when 23 is divided by m(-6)?
11
Let c = 46 + -29. Suppose -3*z - 39 = 4*f, -20 = 3*f - 4*z + 3. Let d(j) = j**2 + 9*j + 6. What is the remainder when c is divided by d(f)?
5
Suppose 9 = 2*m - 15. What is the remainder when 22 is divided by m?
10
Let g be (0 - (-452)/(-6))*6. Let r = g + 276. What is the remainder when 42 is divided by (1/2)/((-4)/r)?
20
Suppose -2*i + 2*y = -4*i + 224, -y = 4*i - 454. Let z = i - 79. What is the remainder when z is divided by 19?
16
Suppose -5*t = 2*i - 169, t - i - 31 = -0*i. What is the remainder when t is divided by 9?
6
Let i = -29 + 16. Let u be (-1)/(-1 - -2) - i. Calculate the remainder when 7 is divided by (-1)/(-2 + 21/u).
3
Calculate the remainder when (-284)/(-8) - (-6)/4 is divided by 13.
11
Suppose -5*z + 0*z = -35. Let o(d) = -d**3 + 9*d**2. Let f be o(9). Suppose f*m + 12 = 3*m. What is the remainder when z is divided by m?
3
What is the remainder when 42 is divided by 9 + -6*((-4)/(-4))/(-3)?
9
Let c(j) = -5*j + 2*j - j - 3. Suppose -5*l = -l + 20. Calculate the remainder when c(l) is divided by 6.
5
Suppose -28 = -4*v + 4. Let d(y) = 9*y - 24. Let m(c) = 14*c - 36. Let k(n) = 8*d(n) - 5*m(n). Calculate the remainder when 7 is divided by k(v).
3
Suppose -76 - 589 = -5*v. What is the remainder when v is divided by 27?
25
Let w be 5/7 + 6/21. Suppose -2*j - w = -17. Suppose -v - 2*v - q = -71, -5*v + 2*q = -111. What is the remainder when v is divided by j?
7
Let p = 6 - -3. Calculate the remainder when p is divided by 3.
0
Suppose 3*p - 5*p + 22 = 0. Calculate the remainder when 41 is divided by p.
8
Suppose 4*g - 13 = -x, -33 = -2*x + g + 11. Let v = 48 + -7. What is the remainder when v is divided by x?
20
Suppose 0 = -5*p + 4*c + 360, -2*p = p + 2*c - 194. Calculate the remainder when p is divided by 24.
20
Let u(y) = y**2 + 7*y + 8. Calculate the remainder when 28 is divided by u(-7).
4
Suppose 4*o = 3*j - 3, 6 = -4*j - 0*o + 2*o. Calculate the remainder when j/(18/51)*-2 is divided by 9.
8
Let m = 16 - 7. What is the remainder when 52 is divided by m?
7
Let o = -9 + 14. Suppose -o*i + 0*i + 210 = 0. Calculate the remainder when i is divided by 15.
12
Suppose 2*a + 19 = 49. What is the remainder when (11 - 2)/3*a is divided by 12?
9
Let l(t) = t**3 - 11*t**2 - 6*t + 5. Calculate the remainder when l(12) is divided by 20.
17
Let d(m) = 36*m. Let n be d(1). Let x = 76 - n. Let g = -23 + x. Calculate the remainder when g is divided by 5.
2
Suppose 3*z - 11*z + 344 = 0. What is the remainder when z is divided by 11?
10
Let z(o) = o**2 - 12*o + 27. Calculate the remainder when 29 is divided by z(11).
13
Suppose s + 5*l - 6 = 0, 3*s + l + l - 18 = 0. Let r(d) = d + 7. Calculate the remainder when s is divided by r(-4).
0
Let x be (0 + 1 - 0) + -593. Let g be (-2)/(-6) + x/(-6). Suppose k - c = 2*k - 40, 0 = -3*k + 4*c + g. What is the remainder when k is divided by 13?
11
Suppose -4*f + 14 = -3*f. What is the remainder when 54 is divided by f?
12
What is the remainder when 32 is divided by (-240)/(-100)*(-3)/((-3)/5)?
8
Let w = 10 - 6. Suppose -v + 6*l + 8 = 2*l, 3*l + 6 = w*v. Suppose 0 = -4*a - v*a + 48. Calculate the remainder when 35 is divided by a.
11
Let c(o) = o + 1. Let v be c(-1). Suppose 13 = x - v. Calculate the remainder when 25 is divided by x.
12
Suppose 6*g = 5*g + 4. Let n = 7 + -4. Suppose n*q + 2 = -2*s, 4*q + 0 + 4 = -2*s. Calculate the remainder when g is divided by s.
0
Suppose 74 = 2*l - 4*x, 4*x - 91 = -3*l + 5*x. What is the remainder when 200 is divided by l?
26
What is the remainder when -5*(1 - (-38)/(-10)) is divided by (-9)/(-2) - (-6)/(-12)?
2
Let h be 0/((-3)/(-3) + -3). Let x be 2/2 - -2 - h. Suppose 3*g - 24 = -3*c, 2*c = x*g - 2*g + 1. What is the remainder when 4 is divided by c?
1
Suppose -2*o = -2*b - 58, 5*o - 2*b - 56 = 80. What is the remainder when 100 is divided by o?
22
Suppose -102 = -4*v + 3*o, 0 = -3*v - 3*o + o + 85. What is the remainder when 1599/v - (-2)/(-9) is divided by 20?
19
Let o = 60 + -40. What is the remainder when 98 is divided by o?
18
Let t(i) = 3*i**2 + i - 18. Let u be t(-9). Suppose -28 = -4*m + 2*d + u, d = 0. Suppose -3*n + 63 = -0*n. Calculate the remainder when m is divided by n.
19
Let t(g) = -2*g + 9. What is the remainder when t(0) is divided by 5?
4
Let l(u) be the second derivative of u**4/12 - u**3/6 + 20*u**2 + u. What is the remainder when l(0) is divided by 14?
12
Let r(z) = -z**3 + 7*z**2 - z + 17. What is the remainder when r(7) is divided by 6?
4
Let x(l) = -l + 3. Let t be x(5). Let c be 4/t - 0 - -12. Suppose c = n + n. What is the remainder when 13 is divided by n?
3
What is the remainder when 89 is divided by ((-2)/16*18)/((-6)/80)?
29
Let z(v) = -v**2 - 6*v + 1. Suppose 4*i = 7*i - 3. Calculate the remainder when i is divided by z(-6).
0
Suppose -p + 4 = -12. Calculate the remainder when 29 is divided by p.
13
Let g be (-10 - 42)/(-1 + -1). Suppose f - g = -f. Calculate the remainder when 23 is divided by f.
10
Suppose -9*h + 33 = -7*h + x, 5*x = 4*h - 59. Calculate the remainder when 38 is divided by h.
6
What is the remainder when (9/(-6))/(9/(-1128)) is divided by 48?
44
Calculate the remainder when 18 is divided by 1/(-4) - 10/(-8) - -6.
4
Suppose -4*b - z + 16 = 0, -2*b - 10 + 0 = -4*z. What is the remainder when 11 is divided by b?
2
Let x = 52 - 17. What is the remainder when x is divided by 12?
11
Let l = -64 - -40. Calculate the remainder when 29 is divided by l/(-32) + 114/8.
14
Let g = -260 - -415. Calculate the remainder when g is divided by 39.
38
Let w(g) = 2*g + 3. Let o(y) = 2*y**3 - 3*y**2 + y - 1. Let c be o(2). Calculate the remainder when 38 is divided by w(c).
12
Let k(s) = -3*s**2 - s + 0*s**2 + 3*s**3 + 2 